the prime factors of 4 + -5 + (16 - c).
13
Let m(j) = j**3 + 7*j**2 - 2*j - 3. Let d be m(-11). Let l = -272 - d. List the prime factors of l.
193
Let s(t) = 5*t**2 + 6*t + 11. Let h be s(-11). Suppose 5*i = 2*d + h, 7 = -d + 2. List the prime factors of i.
2, 3
Let b be (8/(-3))/(10/(-15)). Let q = b - 1. Suppose 0 = -2*p - 6, -9 = t - q*p - 52. List the prime factors of t.
2, 17
Suppose 4*b - 3*j + 447 = 0, 2*b + j + 3*j + 196 = 0. Let g = -93 - b. List the prime factors of g.
3, 5
Let s(b) = -2*b**3 + 2*b**2 - 4*b - 13. Let j be s(-4). Let k = -94 + j. What are the prime factors of k?
3, 23
Let i(m) = -84*m - 2. Let g be i(-1). Suppose -5*r - 27 = -g. Let b = r + 16. What are the prime factors of b?
3
Let l(g) = 120*g + 815. List the prime factors of l(22).
5, 691
Suppose 0 = 10*t - 6510 - 40. List the prime factors of t.
5, 131
Let z(u) = u**3 - 7*u**2 + 2*u - 21. Let x be z(5). Let n = 136 + x. What are the prime factors of n?
3, 5
Let r = 382 + -44. What are the prime factors of r?
2, 13
Let z = -9 + 12. Let i(b) = 2*b**3 - 2*b**2 - 3*b + 1. Let m be i(z). Let q = -25 + m. What are the prime factors of q?
3
Suppose -17*v + 13*v + 16 = 0. Suppose -w = -2*w, -2*g - v*w + 72 = 0. What are the prime factors of g?
2, 3
Suppose 29*h = 21*h + 7896. List the prime factors of h.
3, 7, 47
List the prime factors of 0 - 10/(-5 - (-522)/105).
2, 5, 7
Suppose 436 = 7*b - 1034. Suppose 0 = 9*l + 12 - b. List the prime factors of l.
2, 11
Suppose 7*h = -h - 312. Let k = h - -75. What are the prime factors of k?
2, 3
Let z(f) be the second derivative of -f**3/6 + 3*f**2/2 - 10*f. What are the prime factors of z(-2)?
5
Let v(f) = -5*f**2 + 77*f - 8. List the prime factors of v(13).
2, 37
Let p(x) = 89*x + 32. List the prime factors of p(13).
29, 41
Suppose 5*a - 3 - 16 = -d, 0 = 3*d - a + 7. List the prime factors of (((-2330)/(-15))/d)/((-4)/6).
233
Suppose q + o + 4 + 2 = 0, q = 4*o - 6. Let c be (q + 142)*(-6)/(-8). Suppose -4*j + 6 = -c. List the prime factors of j.
3
Let j = -2 - -2. Suppose 5*x + 1 - 6 = j. Let y = 7 + x. What are the prime factors of y?
2
Let f(m) = -m**2 - m - 12. Let k be f(0). Let o = k + 14. Suppose 64 = 3*g + 5*v, 0*v + 34 = o*g - v. What are the prime factors of g?
2, 3
Let p = 46 + -60. Let l = -2 - p. List the prime factors of l.
2, 3
Let p = -16 + 20. Suppose -o = -3, p = 5*z + o - 3*o. Suppose -2*j + z*l + 43 = -j, -5*l - 230 = -5*j. What are the prime factors of j?
7
Let p(k) be the second derivative of 5*k**5 + k**4/12 + k**3/6 - k**2 - 7*k. What are the prime factors of p(1)?
2, 5
Let w(s) = 20 - 2*s - 9 + 30 + 4*s. Let i(n) = -4*n - 83. Let x(g) = -4*i(g) - 7*w(g). List the prime factors of x(0).
3, 5
Let o = 2960 - 1971. What are the prime factors of o?
23, 43
Let t(c) = 57*c + 3. Let s be t(5). Suppose 0 = 5*m - s + 28. Let j = m - 36. What are the prime factors of j?
2
Suppose 3*s = 9*s + 210. Let z = s + 179. What are the prime factors of z?
2, 3
Let p be (-9880)/(-20)*8/(-1). List the prime factors of 4/6 - p/57.
2, 5, 7
Let n = -11 - -7. Let i = 414 - 382. Let o = i - n. List the prime factors of o.
2, 3
Let x = 76 - 34. Let g be (-2)/(-8) + 30/8. Suppose y + 15 - 4 = w, -x = -g*w + 5*y. What are the prime factors of w?
13
Suppose 3*v - 3 = 0, 0 = -5*j + 4*j - 5*v + 130. Let b = j - 76. List the prime factors of b.
7
Let h = 19 - 17. Let m be h/12 - (-5)/(-30). Suppose x + m = 2*o + 68, 4*x + 5*o = 259. List the prime factors of x.
2, 3, 11
Let z = -80 + 50. Let s = 110 + z. List the prime factors of s.
2, 5
Let l be 2/6 + 5/3. Suppose l*f - 63 = -f. Suppose f + 31 = 4*n. List the prime factors of n.
13
Let p = 2198 + -1131. What are the prime factors of p?
11, 97
Let x(b) be the third derivative of -b**6/40 + b**5/60 + b**4/24 - b**3/6 - b**2. Let k be (10 - 9)/((-2)/4). List the prime factors of x(k).
5
Suppose j = -4*n + 9*n + 1437, -4*j - 3*n = -5702. What are the prime factors of j?
1427
Suppose 3*a + 306 = -0*a. Let c = a + 68. Let v = 6 - c. List the prime factors of v.
2, 5
Suppose -16 = -f - 13. Let i(k) = 0 - 7*k**2 + 4*k**2 - 6*k**f + 1. What are the prime factors of i(-2)?
37
Let a = 13 + -16. Let n = 28 + a. Suppose 8*t - n = 7*t. What are the prime factors of t?
5
Let d(n) = -n**2 - 25*n - 13. Let p be d(-25). List the prime factors of ((-110)/(-3) - -1)*(p - -16).
113
Let f(m) = -212*m + 6. List the prime factors of f(-8).
2, 23, 37
Suppose 2*j = -7*j + 45. Suppose 4*o + 11 = -3*k, -j*o - 8 = -4*k + 2*k. List the prime factors of 36/(o - (-2 + -2)).
2, 3
Suppose -6*r + 2002 = 538. What are the prime factors of r?
2, 61
Suppose 2*o + 4*x = -2*o + 184, -130 = -3*o - 5*x. Let k(c) = -12*c - 12. Let t be k(-8). Let p = t - o. List the prime factors of p.
2, 17
Suppose 55 + 129 = 4*i. Suppose m = 3*m - i. Suppose -5*k + 78 - m = 0. What are the prime factors of k?
11
Let a(m) = -m**3 - 6*m**2 + m + 7. Let x be a(-6). List the prime factors of 2 - (3 - x*(3 - -90)).
2, 23
Let p(t) = -t**2 + 6*t + 9. Let l(m) = m**2 - 2*m. Let i be l(-2). Let r be p(i). List the prime factors of r/(7/6)*-1.
2, 3
Let m(t) = -t**3 + t + 5. Let a be m(-4). Let c = 171 + -167. Suppose s = -4*k + 33, -4*s - c*k = -5*s + a. List the prime factors of s.
7
Let b = -40 + 9. Let s = b + 54. What are the prime factors of s?
23
Let o = -104 - -146. Suppose 3*x - o = -0*x. List the prime factors of x.
2, 7
Let g(v) = -11*v + 21. Let r be g(9). Let a = -32 - r. What are the prime factors of a?
2, 23
Let o be 4/(-2) + 6 + -4. Let d be -4 - (-4 + o/2). Suppose d*j + 2*j = 16. List the prime factors of j.
2
Let z(v) = v**3 + 8*v**2 - 2*v + 5. Suppose -l + 8*l + 56 = 0. What are the prime factors of z(l)?
3, 7
Suppose 2*r - 5*h = -7, -5*h - 9 = -5*r - 4. Suppose 2*g - 2*y - 290 = 0, r*y - 2*y = 3*g - 438. List the prime factors of g.
2, 37
Let t = 4339 - 2687. What are the prime factors of t?
2, 7, 59
Let a = -4969 + 7734. List the prime factors of a.
5, 7, 79
Let a = -9 + 4. Let m be ((-2)/(-6))/(a/(-45)). Suppose 4*d - 60 = -m*y + 40, -5*y - 76 = -2*d. What are the prime factors of d?
2, 7
Suppose -12*c + 14*c = 14. Let m(w) = w**2 + 2*w - 8. What are the prime factors of m(c)?
5, 11
Let j be (18/27)/((-2)/(-150) + 0). Let d = j + 23. What are the prime factors of d?
73
Let n be (36/(-3))/(3/(-2)). What are the prime factors of 82/(-4)*(-5)/(20/n)?
41
Let i(t) be the first derivative of -6 + 13/2*t**2 - 2/3*t**3 + 5*t. List the prime factors of i(6).
11
Let y(t) = -3*t**2 - t - 1. Let l be y(-1). What are the prime factors of 62 + l + -2 + 6?
3, 7
Let k be -2*((-12)/8 + -3). Suppose k*v = v + 624. List the prime factors of v.
2, 3, 13
Suppose 40 = -11*j + 15*j. Suppose -13*m = -j*m - 276. List the prime factors of m.
2, 23
Let n be -141 + 0 - (5 + -2). Let w = n + 202. List the prime factors of w.
2, 29
Let a(s) = s - 3. Let j be a(3). Let y be (-60)/(j + 12/(-16)). Suppose y + 28 = 3*m. List the prime factors of m.
2, 3
Let u(p) = -p**2 - 23*p - 11. Let q be u(-15). Suppose -3*o + q = 5*c - 3*c, -o + 34 = 3*c. What are the prime factors of o - 2 - (-8)/(-4)?
3, 11
Suppose 2*m + 0*m - 4 = 0. Suppose -3*g - d + 66 = -4*d, -m*g - d = -56. List the prime factors of g.
2, 13
Let x(k) = -k**3 + 7*k**2 - 6*k - 3. Suppose 5*q - 3*u - 27 = 0, 4*q - 23 = 3*u - 2. Let f be x(q). List the prime factors of -9*((-8)/f - 4).
2, 3
Suppose 0 = -5*u - 0*u - 40. Let j(i) = -13*i - 5. Let g be j(-3). Let s = u + g. List the prime factors of s.
2, 13
Suppose 0 = o + d + d, -5*o + 3*d = -65. Let i(u) = 2*u - 12. What are the prime factors of i(o)?
2
Let w(l) = -l - 1. Let p(t) = 2*t + 3. Let i(c) = 4*p(c) + 12*w(c). Suppose 10 = -4*a - 6. List the prime factors of i(a).
2
Let f(q) = -q**3 - 4*q**2 - 8*q - 11. Let a be f(-4). Suppose 0 = -27*n + a*n + 780. List the prime factors of n.
2, 5, 13
Let k = -17 + 22. Suppose 3*f - 941 = -n - 361, -n = k. What are the prime factors of f?
3, 5, 13
Suppose -12*x = -14*x + 856. Suppose 5*i + 287 = -x. Let k = i - -210. List the prime factors of k.
67
Let v be 6*(-1)/(-2) + -4 + 5. What are the prime factors of 53/(-3 + 1 + 12/v)?
53
Let n = -6 - 9. Let t = 20 + n. Suppose -4*a + 2*x = -190, -t*a + x + 236 = -0*x. What are the prime factors of a?
47
Suppose 4*t - 150 - 2 = 0. Suppose 54 = 5*u - 26. Let g = t - u. 